mmon factor of 18 and b?
18
Let z be 72/(-16)*32/(-6). Calculate the highest common factor of 3 and z.
3
Let m be (-14)/(-3)*6/4. Suppose -m*c = -3*c - 40. Calculate the highest common factor of c and 2.
2
Let r(v) = v**2 - 4*v + 2. Let y be r(3). Let c be 1*-1 - y - -12. Suppose 2*u + 5*i - 235 = 0, u - 28 = 3*i + 95. What is the highest common factor of u and c?
12
Let y be 1/(-5) + 1629/45. Calculate the highest common factor of y and 4.
4
Let b(v) = 40*v**2 + 2*v + 1. Let k be b(2). Let c = -9 - -24. Calculate the highest common factor of k and c.
15
Let v = 28 + 87. Let s(y) = -23*y. Suppose 0 = 5*t + 6 - 1. Let a be s(t). What is the highest common factor of a and v?
23
Suppose n = 4*i + 6, -4*n + n - 17 = -5*i. Let h = -4 - n. Calculate the greatest common divisor of 5 and h.
5
Suppose -5*f - 2*l = l - 26, -2*l = -f. What is the greatest common divisor of f and 4?
4
Let c be 4 + 1 + -3 - -1. Suppose c*s - 201 = -3*y, 5*y - 315 - 38 = 4*s. Let t = y + -5. What is the greatest common divisor of 16 and t?
16
Let z = 47 - 26. What is the greatest common factor of 231 and z?
21
Let g be (4 - 4)/(-3) - -2. Let h be 140/7 - 2/g. Calculate the highest common divisor of h and 57.
19
Let p(l) = -9*l - 9. Let q be p(-7). Let g be (3 - 0) + 0/(-2). Suppose 0 = -t + g*t - 12. Calculate the greatest common factor of t and q.
6
Let o = -4 + 5. Let k(m) = 6*m**3 + 2*m**2 - 1. Let c be k(o). What is the highest common factor of 77 and c?
7
Suppose 25 = j + 4*z + 7, 2*j + 5*z - 30 = 0. Let a be ((-1)/((-1)/j))/1. Calculate the highest common divisor of 90 and a.
10
Suppose -1 = y - 64. Calculate the greatest common divisor of y and 7.
7
Let l(i) = -29*i - 10. Let v(c) = -1. Let k(g) = l(g) - 5*v(g). Let b be k(-5). What is the greatest common factor of 20 and b?
20
Let i = -145 - -155. Suppose -2*q + 52 = -8. What is the highest common divisor of q and i?
10
Let x(s) = 3*s**3 - 2*s**2 + 3*s - 4. Let k be x(2). What is the highest common factor of 9 and k?
9
Suppose 0 = 3*o + 4*y - 732, -2*o - 2*y + 166 + 324 = 0. What is the highest common divisor of 8 and o?
8
Let n(z) = -z**3 - 11*z**2 - 9*z + 13. Let u be n(-10). Calculate the highest common divisor of u and 12.
3
Suppose -m - 4*i + 32 = 0, -m + 7*i - 13 = 2*i. Let s = m - -12. Calculate the highest common divisor of s and 168.
24
Suppose 0 = -3*b + 24. Let w(y) be the third derivative of -y**5/60 + y**4/4 - y**3/6 + 7*y**2. Let t be w(5). What is the highest common divisor of b and t?
4
Suppose -42 = -2*l - 14. What is the highest common factor of l and 2?
2
Let b = -13 + 4. Let x = 12 + b. Let y be 1 - (66/(-2))/x. What is the highest common factor of y and 8?
4
Suppose 19 = 4*v - 3*a, -2*v - a = -0*v - 7. Suppose v*d - 760 = 1376. Let i = d - 374. Calculate the highest common divisor of i and 20.
20
Let o(q) = -2*q - 1. Let i be o(-2). Suppose y - i*y + 180 = 0. What is the greatest common divisor of 18 and y?
18
Let u(f) = -f + 1. Let j be u(-4). Suppose k - 4*q + 11 = 0, 0*k - 43 = -2*k - j*q. Calculate the highest common factor of k and 9.
9
Suppose 0 = 2*i - 5*t + 14, -5*i = -4*t - t + 5. Suppose -i*x = -4 - 20. Suppose 0 = 6*s - 10*s + 64. Calculate the highest common divisor of s and x.
8
Suppose 8 = w - 48. Calculate the greatest common factor of w and 7.
7
Suppose 0 = j + 4*n - 5, 0*j + 3*n = 3*j. Suppose 3*b - 11 = j. Let c be (-1 - 1) + (-12)/(-2). Calculate the greatest common factor of c and b.
4
Let x = 1 + 12. Calculate the greatest common factor of 91 and x.
13
Suppose 5*t + 2*q = 30, 26 = -t + 5*t + 2*q. Let u = 4 + t. What is the greatest common factor of 32 and u?
8
Suppose -5*c + 159 - 49 = 0. Suppose -g + 0*g = -c. Calculate the greatest common factor of g and 11.
11
Let x = -125 - -251. Let m be 142/(-7) - (-6)/21. Let w = m + 34. What is the highest common factor of w and x?
14
Suppose 0 = n - 3, 0*n = -4*k - n - 29. Let c be (9 - 63)/(6/k). What is the greatest common divisor of c and 8?
8
Suppose 0 = -3*c - 3*c + 54. Calculate the highest common factor of 6 and c.
3
Suppose -4 = -3*j + 2*j. Suppose -m + j*h + 56 = 3*m, -5*h = -2*m + 31. Let g = m - -4. What is the greatest common divisor of g and 119?
17
Let m be (-19 + 9)/(2/(-8)). Let j = m + -30. Let c be (-2)/8 - (-202)/8. Calculate the greatest common factor of c and j.
5
Suppose -2*c - 5*a = -24, 5*c - 2*a = -0*c + 118. Calculate the highest common factor of 33 and c.
11
Let n = 337 - 161. Calculate the highest common factor of n and 22.
22
Let k(x) = x**3 - 11*x**2 + 11*x - 8. Let p be k(10). Suppose 5*r - 148 = p. What is the highest common factor of 20 and r?
10
Let d = 22 + 30. What is the greatest common divisor of 13 and d?
13
Suppose -3*b + 58 = -b. Suppose r = -b + 110. Calculate the highest common divisor of r and 9.
9
Let t(y) = y**3 + 4*y - 3. Let n be t(2). Let v = -20 + 22. Suppose -5*p - 124 = -v*c, -c + 5*p + 72 = -0*c. What is the greatest common factor of c and n?
13
Let k(d) = -d**2 + 14*d - 3. Let f be k(6). Calculate the highest common divisor of f and 30.
15
Let y be (2 - 0/2)*8. Suppose 2*s = 2*c - 16, c + y = 3*c - 3*s. Let t = 104 - 40. What is the highest common factor of t and c?
8
Let i(q) = q**3 - 5*q**2 + 2*q + 5. Let p be i(4). Let u be (p/(-4))/((-1)/(-4)). Suppose u*g - 44 = -g. Calculate the greatest common divisor of g and 11.
11
Suppose -3*l = -3*t - 0*l + 6, -5*l = 5*t - 40. Calculate the highest common factor of 45 and t.
5
Let f be 11*3/(-6)*-12. Let a be -12*f/(-9)*3. Calculate the highest common divisor of a and 24.
24
Let f = 146 - 38. What is the highest common divisor of 27 and f?
27
Let j(a) be the third derivative of 2*a**2 + 9/8*a**4 + 0*a + 1/6*a**3 + 0. Let c be j(1). What is the highest common divisor of 7 and c?
7
Suppose 0 = 5*k - 5*j + 4*j - 279, 2*j = -2*k + 102. Calculate the highest common divisor of k and 5.
5
Suppose 13 = 2*j + 3*d, 0 = -j - 2*d + 4*d + 10. What is the highest common factor of 8 and j?
8
Suppose 5*t - 55 = -15. Suppose 4*x + 0*p - 15 = p, -11 = -2*x - 3*p. Calculate the greatest common divisor of x and t.
4
Suppose -2*d + 5*s = -0*s - 29, -2*d + 2*s = -14. Suppose -g - 3*g - 120 = 0. Let c be (g/25)/(d/(-40)). What is the greatest common divisor of 4 and c?
4
Suppose -59 = -2*z - 25. Let h be (-118 + 1 - 2)/(-1). Calculate the highest common divisor of h and z.
17
Let l(k) = 5*k**3 + 5*k**2 + 32. Let q(u) = -u**3 - u**2 - 1. Let m(r) = l(r) + 4*q(r). Let h be m(0). Calculate the highest common factor of h and 4.
4
Let o(u) = u**2 - 6*u - 3. Suppose 3 = p - 3. Let g be o(p). Let j be ((-20)/g)/((-2)/(-18)). What is the highest common factor of 24 and j?
12
Let i = 5 + -10. Let p be 19*1 + 6 + i. What is the greatest common divisor of 100 and p?
20
Let l(f) = f**2 + f. Let m(z) = -z**3 - 16*z**2 - 13*z + 4. Let h(o) = -6*l(o) - m(o). Let j be h(-9). What is the greatest common divisor of j and 126?
14
Suppose -33 - 27 = -2*d. What is the highest common divisor of d and 10?
10
Let j be 5055/(-21) + 2/(-7). Let c = -156 - j. Calculate the greatest common divisor of c and 17.
17
Let t(y) = y**2 - 7*y + 7. Let a be t(8). Calculate the greatest common factor of a and 135.
15
Let y be 248/(-12)*(-9)/(-6). Let x = -21 - y. Let o = 103 - -7. Calculate the highest common divisor of o and x.
10
Let a be (-2)/6*(1 - 13). Calculate the greatest common divisor of 10 and a.
2
Suppose -3*y = 2*y + 2*b, y + b + 3 = 0. Let u(w) = -8 + 8 + w**2 - y*w. Let x be u(6). Calculate the highest common divisor of 36 and x.
12
Suppose 2*y - 2 - 2 = 0. What is the highest common factor of y and 2?
2
Let w = 5 - 2. Suppose 0 = -4*i - 5*n + 114, -w*i - 5*n - 44 + 127 = 0. Suppose 4*t - i = 33. Calculate the highest common divisor of t and 80.
16
Let m(z) = 4*z**2 - z + 1. Let r be m(-3). Suppose -60 = -3*f - 3*i, 4*f + 2*i = 32 + r. What is the highest common divisor of f and 176?
16
Suppose 0 = 2*c - 0*c - 12. Suppose -b = -c*b. Suppose b = 2*t - 16 - 28. What is the highest common divisor of t and 2?
2
Suppose -2*f - 2*t + 7*t = 23, -5*f + t = 0. Let c be 28 + f + 2 - -2. Suppose 2*n - 219 = c. Calculate the greatest common factor of n and 14.
14
Suppose 55 - 3 = -4*p. Let m = p + 20. Calculate the greatest common divisor of m and 1.
1
Let c be (-3)/(2*3/(-54)). Calculat